se
Let j be (146/6)/(1/6). Let d = 24 + j. Is d/3 + (-2)/(-6) a prime number?
False
Let f(t) = t**3 - 5*t**2 - 6*t - 1. Let z = -7 + 13. Let v be f(z). Is 8 - (0/3 + v) a prime number?
False
Let g be (0 - 2 - -1)*-3. Let h(b) = -4*b**3 + 3*b**2 - 2*b - 4. Let v(t) = -5*t**3 + 2*t**2 - 2*t - 4. Let p(z) = -3*h(z) + 2*v(z). Is p(g) a composite number?
False
Let f = 2086 - 1005. Is f a composite number?
True
Suppose -x = 10 - 0. Let k = 124 + 82. Is (-15)/x + k/4 a prime number?
True
Let h(d) = d**3 - d**2 + d - 2. Let b be h(2). Let q be 12*3/(-18)*-68. Suppose -g + b*g = 5*f + q, -190 = -5*g + f. Is g a prime number?
True
Let q(a) = 25*a**2 - a - 9. Let p(d) = 13*d**2 - d - 4. Let f(r) = -5*p(r) + 2*q(r). Let j(v) be the first derivative of f(v). Is j(-3) prime?
False
Suppose -k - 40 = 3*k. Let y(l) = -7*l - 15. Let q be y(k). Suppose w - q = -4*w. Is w composite?
False
Let f(g) be the second derivative of -5*g**4/4 - g**3/3 - g**2 + 5*g. Let x be f(-3). Let a = x + 225. Is a prime?
False
Let i(j) = -3*j - j**2 - j**2 - 4 - 9*j**3 + j**2 - 8*j**3. Is i(-2) a prime number?
False
Suppose 3*g = -0*g + 9. Suppose 122 = 4*w + o, 2*w - 149 = -3*w - g*o. Is w prime?
True
Let i = -3 + 4. Is i + 76/((-2)/(-2)) prime?
False
Let j be (-2)/(-4) - (-290)/4. Let v = j - -16. Is v prime?
True
Let s(i) = -i + 7. Let u be s(7). Let a be u - (8 + -3 - 3). Is (-6 - -6) + (-254)/a a prime number?
True
Let p(g) = -114*g**3 + 2 + 31*g**3 - g**2 - 3 + 2*g - g**2. Let v be p(1). Let w = 153 + v. Is w a composite number?
True
Suppose -5*i + 10*i - 245 = 0. Is i prime?
False
Let f(n) = -2*n + 6 + 0*n - 5*n. Let w be f(-5). Let i = w - -182. Is i a prime number?
True
Suppose 3*q = 7*q + 2*p - 3928, 0 = q - 5*p - 993. Is q prime?
True
Is (-2106)/(-10) - 14/(-35) composite?
False
Let s(x) = -x**2 - 7*x + 3. Let c(q) = 3*q**2 + 21*q - 10. Let r(w) = -6*c(w) - 17*s(w). Let p be r(-8). Is (90/12)/(p/2) prime?
False
Let o(m) be the third derivative of -m**6/20 - m**5/30 - m**4/8 - 2*m**3/3 + m**2. Suppose 23 = -5*s + 4*n, -5*s = 5*n + 8 - 3. Is o(s) prime?
True
Let v(f) = 3*f**2 + 7*f + 8. Let r be v(-6). Suppose -5*u + 3*u = -r. Is u a prime number?
True
Is (-3284)/6*3/(-2) prime?
True
Let l = 673 + -336. Is l a prime number?
True
Let b = 8 + -9. Let w = 90 - b. Is w prime?
False
Let c = -16 + 22. Suppose -183 + c = -x. Is x composite?
True
Let m = -9 + 196. Is m prime?
False
Let y = -532 - -745. Is y a prime number?
False
Let c = 3 - 1. Let s be c + -1 + 2 + 1. Suppose -s*g + 40 = -44. Is g a composite number?
True
Let u be 1/(((-2)/575)/(-2)). Let p be 1/4 - 25535/(-20). Suppose 5*l + 4*v - p = 0, u - 71 = 2*l + 5*v. Is l a prime number?
True
Let k(q) = 4*q**2 + 8*q - 3. Is k(-9) a prime number?
False
Suppose 4*c = -h - 2*h - 614, 3*c + 2*h + 460 = 0. Let u be 2/6 - c/(-24). Let b(a) = -a**2 - 10*a + 2. Is b(u) a prime number?
False
Suppose -4*p - 4*a + 4172 = 0, -1352 - 714 = -2*p + 3*a. Is p a prime number?
True
Suppose 0 = -26*t + 30*t - 4548. Is t composite?
True
Let q be (2 - (0 + 1))*0. Let h be 250 - q/(1 - 4). Suppose -90 = -4*y + h. Is y a prime number?
False
Let i = -122 - -174. Suppose 2*w - 5*j = i, 5*j - 11 = -3*w + 2*w. Is w composite?
True
Let l be (-4)/(-6)*(-27)/(-6). Suppose 0 = -l*g - 3*r - 0*r + 759, -2*g + r = -521. Let p = g + -181. Is p a prime number?
False
Let f = 204 - 17. Is f a prime number?
False
Let x = 283 + -156. Is x prime?
True
Suppose k + 4*i + 76 = -i, 0 = -3*k + 3*i - 138. Let o = -29 - k. Is o a prime number?
False
Suppose -a - 2*t = -717 - 768, 3*t + 5918 = 4*a. Is a composite?
False
Let p be (-1030)/(-4) - (-4)/(-8). Suppose 0 = -3*k + 5*i - 308 - p, 3*k + 3*i + 597 = 0. Is ((-2)/2)/(3/k) composite?
True
Suppose 0 = -u + 939 - 152. Is u composite?
False
Let l = 1 - -88. Is l prime?
True
Let g(n) = n - 3. Let o be g(3). Suppose o = -q + 6. Is q a composite number?
True
Let n(d) be the second derivative of d**5/10 - d**4/6 - 3*d**2/2 - 4*d. Is n(3) a prime number?
False
Suppose 5*t = -3*p + 18, 4*t - 5*p - 10 = -3*p. Suppose t*x = 2*x + 127. Is x prime?
True
Let h(d) = -d - 7*d**3 + 8*d**3 + 2*d - 2*d**2 + 1. Let b be h(2). Suppose 2*w - 294 = 4*g, w + 3*w + b*g = 577. Is w prime?
False
Let l be ((-5)/((-10)/8))/2. Suppose -5*d = 5*m - l*m - 12, -4 = -2*d - 2*m. Is d a prime number?
True
Let d(u) = -2*u - 3. Let k be d(-3). Suppose 0 = -w + 4*a + 27, k*w + 4*a - 5*a - 37 = 0. Is w prime?
True
Let a be (114/(-10))/((-1)/5). Let h = a - 38. Is h a composite number?
False
Let g(a) = -a**3 + 8*a**2 + 10*a - 9. Let k be g(9). Suppose 4*y - 3*t = -k*t + 29, 5*y - 5*t = 40. Suppose -y*o + 26 = s, 5*o + 4*s - 4 = 10. Is o prime?
False
Let v(j) = -j**2 + 4*j - 2. Let g be v(4). Let r be -10*-1*g/(-5). Suppose r*s + 41 = 2*w - s, 4*w + 3*s = 43. Is w a composite number?
False
Let m(l) be the second derivative of -l**5/20 + l**3/6 + 485*l**2/2 + 9*l. Is m(0) a composite number?
True
Let t be 9*(1 + 3/(-9)). Let r = 13 + t. Is r a composite number?
False
Let w = 1509 - 818. Is w a prime number?
True
Let u(t) = -t**3 + 9*t**2 - 4*t - 8. Let x be u(8). Let a = 13 - x. Is 8/(-44) - 255/a composite?
False
Is ((-762)/4)/((-39)/130) composite?
True
Let l = 24 - 14. Is l a composite number?
True
Let f = -284 + 190. Let k = 49 - f. Let q = k - 76. Is q a composite number?
False
Let x(b) be the second derivative of 0 + 7/2*b**2 - b - 1/2*b**3. Is x(-5) composite?
True
Let h(c) = c**3 + c**2 - c. Let w be h(1). Let t be (2 - w*-78) + 1. Let b = t - 4. Is b prime?
False
Let m = -84 - -167. Is m prime?
True
Suppose -7*h = -u - 3*h + 65, 159 = 3*u - 3*h. Suppose r - u = -0*r. Is r a composite number?
True
Suppose -3*k = -6, -k - k - 638 = -3*u. Is u a prime number?
False
Is -1*((-3)/(-3) + -468) composite?
False
Suppose -8 - 4 = 3*s. Let y(u) = 17*u**2 + 5*u - 1. Let v be y(s). Suppose q = l + l - v, 4*l = -q + 511. Is l a prime number?
True
Suppose 0 = 5*d - 105 - 185. Suppose -d - 4 = -2*y. Let i = y + -21. Is i a composite number?
True
Let f(j) = j**3 + 4*j**2 + 3*j - 7. Is f(6) a composite number?
True
Suppose d - 158 = -0*w + w, -4*d - 2*w = -662. Is d a composite number?
False
Suppose -3*u + 2*j - 4*j = -3337, 2*u + 2*j - 2226 = 0. Is u prime?
False
Let r = -5 + 7. Suppose 4*p + 42 = 2*f, -5*f + 5*p = -r*f - 63. Is f a composite number?
True
Suppose x = 3*x - 174. Is x prime?
False
Let u = 1897 + -904. Is u composite?
True
Let i be (-2 + 1)/((-1)/3). Is ((-44)/8)/(i/(-42)) a composite number?
True
Let i(t) = 14*t**3 - t**2 + t. Let p be i(1). Suppose 0 = 3*q + p - 149. Let w = q - 31. Is w a composite number?
True
Let t be -1*453/(-3)*1. Let f = -56 + t. Is f composite?
True
Let l(y) = 35*y**2 - 7*y - 7. Is l(-7) a composite number?
True
Let y = 6 - -39. Suppose g + 3*u + 9 = -0*g, 3*u = 4*g + 21. Is (y/g)/(2/(-4)) composite?
True
Let g = -905 + 1588. Is g a prime number?
True
Let i(x) = 6*x - 3 + 4*x - x**2 - 4*x - x**3. Is i(-5) a prime number?
True
Is 313/8 + (-16)/128 composite?
True
Let j be ((-1)/3)/((-3)/45). Suppose 2*b = j*z - 28, 2*b = -5 - 3. Suppose 0 = g + z*q - 110, 6*g - g = 4*q + 454. Is g prime?
False
Suppose -2*c - 6 = 12. Let h be (-1)/((-2)/(-36)*-3). Is (-95)/(-3) + h/c a prime number?
True
Let i = 3230 - -357. Is i composite?
True
Suppose -w = -0*w. Suppose w = z - 3. Suppose 1 = 2*g - z. Is g composite?
False
Suppose -3*v - 3*q + 3768 = -6*q, 2*v - 2506 = 4*q. Is v prime?
True
Let i(l) be the second derivative of l**3/6 - 11*l**2/2 + l. Let p be i(5). Is (p/4 - -2)*326 a composite number?
False
Let f(t) = -5*t + 1. Let z(w) = w**3 + 9*w**2 + 11*w + 20. Let b be z(-8). Is f(b) a composite number?
True
Suppose -3 = 5*n + 22. Is 3/15 + (-274)/n prime?
False
Suppose -4 = -5*k + 6. Suppose k = 2*p - 16. Is p a prime number?
False
Suppose -2*c = -12 - 22. Let y(m) = 17*m - 34. Let a be y(10). Suppose -c = s - a. Is s a prime number?
False
Let f(b) = -b**3 - 9*b**2 - 4*b - 13. Is f(-10) composite?
False
Let z(x) = 2*x**2 - 7*x - 1. Let b(g) = g + 2. Let c be b(6). Let h be z(c). Let t = -34 + h. Is t composite?
False
Suppose 3*q + q = -1428. Is (-4)/(-6)*q/(-7) composite?
True
Let c(n) = -n. Let o be c(-4). Let y be 2/o + (-28)/8. Is 35 - y - 9/3 a composite number?
True
Suppose 6*c - 329 = -5*d + 3*c, 57 = d + 5*c. Is d a prime numbe